{"id":1360,"date":"2015-01-14T15:28:12","date_gmt":"2015-01-14T11:58:12","guid":{"rendered":"http:\/\/vua.nadiran.com\/?page_id=1360"},"modified":"2024-09-24T18:45:37","modified_gmt":"2024-09-24T15:15:37","slug":"%d9%86%d8%ae%d8%b3%d8%aa","status":"publish","type":"page","link":"https:\/\/vua.nadiran.com\/","title":{"rendered":"\u0641\u0647\u0631\u0633\u062a \u0628\u062e\u0634 \u0647\u0627"},"content":{"rendered":"<ul dir=\"rtl\">\n<li class=\"cat-item cat-item-19\">\n<h2><strong><a style=\"font-size: 13px; line-height: 19px;\" href=\"http:\/\/vua.nadiran.com\/?cat=12\">\u0627\u0637\u0644\u0627\u0639\u06cc\u0647 \u0647\u0627<\/a><\/strong><\/h2>\n<\/li>\n<\/ul>\n<hr \/>\n<h2>\u0645\u0637\u0627\u0644\u0628 \u062f\u0631\u0633\u06cc<\/h2>\n<ul dir=\"rtl\">\n<li>\n<h2><strong><a href=\"http:\/\/vua.nadiran.com\/?cat=26\">\u0627\u062d\u062a\u0645\u0627\u0644 \u0648 \u0622\u0645\u0627\u0631 \u0641\u0627\u0632\u06cc<\/a><\/strong><\/h2>\n<\/li>\n<li class=\"cat-item cat-item-30\">\n<h2><strong><a href=\"http:\/\/vua.nadiran.com\/?cat=30\">\u0628\u0631\u0646\u0627\u0645\u0647 \u0633\u0627\u0632\u06cc \u0645\u0646\u0637\u0642<\/a><\/strong><\/h2>\n<\/li>\n<li class=\"cat-item cat-item-8\">\n<h2><strong><a href=\"http:\/\/vua.nadiran.com\/?cat=8\">\u0628\u0647\u06cc\u0646\u0647 \u0633\u0627\u0632\u06cc \u0631\u06cc\u0627\u0636\u06cc \u0628\u0646\u06cc\u0627\u0646<\/a><\/strong><\/h2>\n<\/li>\n<li class=\"cat-item cat-item-29\">\n<h2><strong><a href=\"http:\/\/vua.nadiran.com\/?cat=29\">\u067e\u0627\u06cc\u06af\u0627\u0647 \u062f\u0627\u062f\u0647 \u2013 \u067e\u06cc\u0634\u0631\u0641\u062a\u0647<\/a><\/strong><\/h2>\n<\/li>\n<li class=\"cat-item cat-item-20\">\n<h2><strong><a href=\"http:\/\/vua.nadiran.com\/?cat=20\">\u062a\u0635\u0645\u06cc\u0645 \u06af\u06cc\u0631\u06cc \u0628\u0627 \u0645\u0639\u06cc\u0627\u0631 \u0647\u0627\u06cc \u0686\u0646\u062f\u06af\u0627\u0646\u0647<\/a><\/strong><\/h2>\n<\/li>\n<li class=\"cat-item cat-item-21\">\n<h2><strong><a href=\"http:\/\/vua.nadiran.com\/?cat=21\">\u062e\u0648\u0634\u0647 \u0628\u0646\u062f\u06cc \u0648 \u062a\u0635\u0648\u06cc\u0631 \u0633\u0627\u0632\u06cc<\/a><\/strong><\/h2>\n<\/li>\n<li class=\"cat-item cat-item-6\">\n<h2><strong><a href=\"http:\/\/vua.nadiran.com\/?cat=6\">\u062f\u0627\u062f\u0647 \u06a9\u0627\u0648\u06cc \u06f1<\/a><\/strong><\/h2>\n<\/li>\n<li class=\"cat-item cat-item-31\">\n<h2><strong><a href=\"http:\/\/vua.nadiran.com\/?cat=31\">\u062f\u0627\u062f\u0647 \u06a9\u0627\u0648\u06cc \u06f2<\/a><\/strong><\/h2>\n<\/li>\n<li class=\"cat-item cat-item-1\">\n<h2><strong><a href=\"http:\/\/vua.nadiran.com\/?cat=3\">\u0631\u06cc\u0627\u0636\u06cc\u0627\u062a \u06cc\u0627\u062f\u06af\u06cc\u0631\u06cc<\/a><\/strong><\/h2>\n<\/li>\n<li class=\"cat-item cat-item-7\">\n<h2><strong><a href=\"http:\/\/vua.nadiran.com\/?cat=7\">\u0633\u0645\u06cc\u0646\u0627\u0631<\/a><\/strong><\/h2>\n<\/li>\n<li class=\"cat-item cat-item-22\">\n<h2><strong><a href=\"http:\/\/vua.nadiran.com\/?cat=22\">\u0633\u06cc\u0633\u062a\u0645 \u0647\u0627\u06cc \u062d\u0645\u0644 \u0648 \u0646\u0642\u0644 \u0647\u0648\u0634\u0645\u0646\u062f<\/a><\/strong><\/h2>\n<\/li>\n<li>\n<h2><strong><a href=\"http:\/\/vua.nadiran.com\/?cat=38\">\u0637\u0631\u0627\u062d\u06cc \u0646\u0631\u0645 \u0627\u0641\u0632\u0627\u0631 \u067e\u06cc\u0634\u0631\u0641\u062a\u0647 <\/a><\/strong><\/h2>\n<\/li>\n<li>\n<h2><strong><a href=\"http:\/\/vua.nadiran.com\/?cat=39\"> \u0645\u0628\u0627\u062d\u062b\u06cc \u062f\u0631 \u0633\u06cc\u0633\u062a\u0645 \u0647\u0627\u06cc \u06a9\u0627\u0645\u067e\u06cc\u0648\u062a\u0631\u06cc<\/a><\/strong><\/h2>\n<\/li>\n<li class=\"cat-item cat-item-27\">\n<h2><strong><a href=\"http:\/\/vua.nadiran.com\/?cat=27\">\u0645\u0628\u0627\u0646\u06cc \u0645\u062d\u0627\u0633\u0628\u0627\u062a \u0646\u0631\u0645<\/a><\/strong><\/h2>\n<\/li>\n<li class=\"cat-item cat-item-23\">\n<h2><strong><a href=\"http:\/\/vua.nadiran.com\/?cat=23\">\u0645\u0647\u0646\u062f\u0633\u06cc \u0633\u06cc\u0633\u062a\u0645 \u0647\u0627\u06cc \u062a\u062c\u0627\u0631\u062a \u0627\u0644\u06a9\u062a\u0631\u0648\u0646\u06cc\u06a9<\/a><\/strong><\/h2>\n<\/li>\n<li class=\"cat-item cat-item-32\">\n<h2><strong><a href=\"http:\/\/vua.nadiran.com\/?cat=32\">\u0646\u0638\u0631\u06cc\u0647 \u0637\u0631\u0627\u062d\u06cc \u0633\u06cc\u0633\u062a\u0645 \u0647\u0627<\/a><\/strong><\/h2>\n<\/li>\n<li class=\"cat-item cat-item-4\">\n<h2><strong><a href=\"http:\/\/vua.nadiran.com\/?cat=4\">\u06cc\u0627\u062f\u06af\u06cc\u0631\u06cc \u0645\u0627\u0634\u06cc\u0646<\/a><\/strong><\/h2>\n<\/li>\n<li class=\"cat-item cat-item-28\">\n<h2><strong><a href=\"http:\/\/vua.nadiran.com\/?cat=28\">\u06cc\u0627\u062f\u06af\u06cc\u0631\u06cc \u0645\u0627\u0634\u06cc\u0646 \u06f9\u06f2- \u062a\u0631\u0645 \u062f\u0648\u0645<\/a><\/strong><\/h2>\n<\/li>\n<\/ul>\n<hr \/>\n<h2>\u0645\u0637\u0627\u0644\u0628 \u063a\u06cc\u0631 \u062f\u0631\u0633\u06cc<\/h2>\n<ul dir=\"rtl\">\n<li class=\"cat-item cat-item-19\">\n<h2><strong><a href=\"http:\/\/vua.nadiran.com\/?cat=19\">\u0622\u0645\u0648\u0632\u0634 \u0645\u062a\u0644\u0628<\/a><\/strong><\/h2>\n<\/li>\n<li class=\"cat-item cat-item-19\">\n<h2><strong><a href=\"http:\/\/vua.nadiran.com\/?cat=35\">\u0622\u0645\u0648\u0632\u0634 \u06a9\u0644\u0645\u0646\u062a\u0627\u06cc\u0646<\/a><\/strong><\/h2>\n<\/li>\n<li class=\"cat-item cat-item-19\">\n<h2><strong><a href=\"http:\/\/vua.nadiran.com\/?cat=34\">\u062a\u062d\u0642\u06cc\u0642\u0627\u062a \u0645\u0648\u062a\u0648\u0631 \u062c\u0633\u062a\u062c\u0648<\/a><\/strong><\/h2>\n<\/li>\n<li class=\"cat-item cat-item-19\">\n<h2><strong><a href=\"http:\/\/vua.nadiran.com\/?cat=40\">\u0622\u0645\u0648\u0632\u0634 \u0646\u0631\u0645 \u0627\u0641\u0632\u0627\u0631 R\u00a0<\/a><\/strong><\/h2>\n<\/li>\n<li class=\"cat-item cat-item-19\">\n<h2><strong><a href=\"http:\/\/vua.nadiran.com\/?cat=42\" target=\"_blank\" rel=\"noopener\">\u0622\u0645\u0648\u0632\u0634\u00a0\u067e\u0627\u06cc\u062a\u0648\u0646 Python<\/a><\/strong><\/h2>\n<\/li>\n<\/ul>\n<p>%\u06f1\u06f1\u06f5\u06f1\u06f7\u06f1\u06f6\u06f2\u06f0\u06f8\u06f6\u06f5\u06f9\u06f7\u06f2\u06f8%<\/p>\n<div class=\"4145b9373cf482be6552420bf676e377\" style=\"position: absolute; top: -999908px;\">MostBetBD &#8211; \u0986\u09aa\u09a8\u09be\u09b0 \u09ac\u09be\u099c\u09bf\u09b0 \u09b8\u09ac\u099a\u09c7\u09af\u09bc\u09c7 \u0989\u099a\u09cd\u099a \u0989\u09ce\u09b8\u09be\u09b9\u09bf\u09a4 \u09b8\u09cd\u09a5\u09be\u09a8! MostBetBD \u098f\u0996\u09a8 \u09a8\u09a4\u09c1\u09a8 \u0989\u099a\u09cd\u099a\u09a4\u09be\u09af\u09bc \u09a8\u09bf\u099c\u09c7\u0995\u09c7 \u09aa\u09cd\u09b0\u09a6\u09be\u09a8 \u0995\u09b0\u099b\u09c7\u0964 \u0986\u09aa\u09a8\u09bf \u098f\u0996\u09be\u09a8\u09c7 \u09a8\u09a4\u09c1\u09a8 \u09ac\u09be\u099c\u09bf \u0996\u09c1\u099c\u09a4\u09c7 \u09aa\u09be\u09b0\u09c7\u09a8, \u0986\u09aa\u09a8\u09be\u09b0 \u09aa\u09cd\u09b0\u09bf\u09af\u09bc \u0996\u09c7\u09b2\u09be\u09df \u0985\u09ad\u09bf\u099c\u09cd\u099e\u09a4\u09be \u0995\u09b0\u09a4\u09c7 \u09aa\u09be\u09b0\u09c7\u09a8 \u098f\u09ac\u0982 <a href=\"https:\/\/mostbetbd2.com\/\">mostbetbd<\/a> -\u09a4\u09c7 \u0985\u09a8\u09b2\u09be\u0987\u09a8 \u0995\u09cd\u09af\u09be\u09b8\u09bf\u09a8\u09cb \u0996\u09c7\u09b2\u09be \u0995\u09b0\u09a4\u09c7 \u09aa\u09be\u09b0\u09c7\u09a8\u0964 \u09ac\u09be\u099c\u09bf\u09b0 \u099c\u09a8\u09cd\u09af \u098f\u09ac\u0982 \u0986\u09b0\u0993 \u09ac\u09c7\u09b6\u09bf \u0989\u09ce\u09b8\u09be\u09b9 \u09a8\u09bf\u099c\u09c7\u0995\u09c7 \u09aa\u09cd\u09b0\u09a6\u09be\u09a8 \u0995\u09b0\u09a4\u09c7 MostBetBD \u09a6\u09bf\u09af\u09bc\u09c7 \u0986\u09b8\u09c1\u09a8!<\/div>\n<div class=\"f955b0a373c686040d69744a69ae26a0\" style=\"position: absolute; left: -999322px;\">Mostbet, T\u00fcrkiye&#8217;de pop\u00fcler bir mobil uygulama haline geldi. Kullan\u0131c\u0131 dostu aray\u00fcz\u00fc ve geni\u015f bahis se\u00e7enekleri ile dikkat \u00e7eken Mostbet, spor bahislerinden canl\u0131 casino oyunlar\u0131na kadar geni\u015f bir yelpaze sunuyor. <a href=\"https:\/\/www.gecem.com.tr\/\">Mostbet giri\u015f<\/a> i\u015flemi, kullan\u0131c\u0131lar\u0131n kolayca hesaplar\u0131na eri\u015fim sa\u011flamalar\u0131na olanak tan\u0131r. G\u00fcvenli \u00f6deme y\u00f6ntemleri ve h\u0131zl\u0131 i\u015flem s\u00fcreleri ile Mostbet, T\u00fcrkiye&#8217;deki bahis severler i\u00e7in vazge\u00e7ilmez bir platform haline geliyor. Uygulama, kullan\u0131c\u0131lar\u0131n hem Android hem de iOS cihazlar\u0131nda sorunsuz bir \u015fekilde \u00e7al\u0131\u015f\u0131yor ve s\u00fcrekli g\u00fcncellenen bonus teklifleri ile kullan\u0131c\u0131 deneyimini en \u00fcst d\u00fczeye \u00e7\u0131kar\u0131yor.<\/div>\n<p>%\u06f4\u06f5\u06f9\u06f1\u06f7\u06f2\u06f4\u06f7\u06f5\u06f4\u06f8\u06f4\u06f2\u06f6\u06f7\u06f3%%\u06f9\u06f0\u06f1\u06f1\u06f7\u06f2\u06f5\u06f8\u06f0\u06f1\u06f5\u06f7\u06f8\u06f4\u06f6\u06f0%%\u06f5\u06f7\u06f2\u06f1\u06f7\u06f2\u06f7\u06f1\u06f9\u06f0\u06f9\u06f3\u06f6\u06f7\u06f7\u06f7%<\/p>\n","protected":false},"excerpt":{"rendered":"<p>\u0627\u0637\u0644\u0627\u0639\u06cc\u0647 \u0647\u0627 \u0645\u0637\u0627\u0644\u0628 \u062f\u0631\u0633\u06cc \u0627\u062d\u062a\u0645\u0627\u0644 \u0648 \u0622\u0645\u0627\u0631 \u0641\u0627\u0632\u06cc \u0628\u0631\u0646\u0627\u0645\u0647 \u0633\u0627\u0632\u06cc \u0645\u0646\u0637\u0642 \u0628\u0647\u06cc\u0646\u0647 \u0633\u0627\u0632\u06cc \u0631\u06cc\u0627\u0636\u06cc \u0628\u0646\u06cc\u0627\u0646 \u067e\u0627\u06cc\u06af\u0627\u0647 \u062f\u0627\u062f\u0647 \u2013 \u067e\u06cc\u0634\u0631\u0641\u062a\u0647 \u062a\u0635\u0645\u06cc\u0645 \u06af\u06cc\u0631\u06cc \u0628\u0627 \u0645\u0639\u06cc\u0627\u0631 \u0647\u0627\u06cc \u0686\u0646\u062f\u06af\u0627\u0646\u0647 \u062e\u0648\u0634\u0647 \u0628\u0646\u062f\u06cc \u0648 \u062a\u0635\u0648\u06cc\u0631 \u0633\u0627\u0632\u06cc \u062f\u0627\u062f\u0647 \u06a9\u0627\u0648\u06cc \u06f1 \u062f\u0627\u062f\u0647 \u06a9\u0627\u0648\u06cc \u06f2 \u0631\u06cc\u0627\u0636\u06cc\u0627\u062a \u06cc\u0627\u062f\u06af\u06cc\u0631\u06cc \u0633\u0645\u06cc\u0646\u0627\u0631 \u0633\u06cc\u0633\u062a\u0645 \u0647\u0627\u06cc \u062d\u0645\u0644 \u0648 \u0646\u0642\u0644 \u0647\u0648\u0634\u0645\u0646\u062f \u0637\u0631\u0627\u062d\u06cc \u0646\u0631\u0645 \u0627\u0641\u0632\u0627\u0631 \u067e\u06cc\u0634\u0631\u0641\u062a\u0647 \u0645\u0628\u0627\u062d\u062b\u06cc \u062f\u0631 \u0633\u06cc\u0633\u062a\u0645 \u0647\u0627\u06cc \u06a9\u0627\u0645\u067e\u06cc\u0648\u062a\u0631\u06cc \u0645\u0628\u0627\u0646\u06cc <a href='https:\/\/vua.nadiran.com\/' class='excerpt-more'>[&#8230;]<\/a><\/p>\n","protected":false},"author":1,"featured_media":0,"parent":0,"menu_order":0,"comment_status":"open","ping_status":"open","template":"template-sitemap.php","meta":{"footnotes":""},"class_list":["post-1360","page","type-page","status-publish","hentry","post-seq-1","post-parity-odd","meta-position-corners","fix"],"_links":{"self":[{"href":"https:\/\/vua.nadiran.com\/index.php?rest_route=\/wp\/v2\/pages\/1360"}],"collection":[{"href":"https:\/\/vua.nadiran.com\/index.php?rest_route=\/wp\/v2\/pages"}],"about":[{"href":"https:\/\/vua.nadiran.com\/index.php?rest_route=\/wp\/v2\/types\/page"}],"author":[{"embeddable":true,"href":"https:\/\/vua.nadiran.com\/index.php?rest_route=\/wp\/v2\/users\/1"}],"replies":[{"embeddable":true,"href":"https:\/\/vua.nadiran.com\/index.php?rest_route=%2Fwp%2Fv2%2Fcomments&post=1360"}],"version-history":[{"count":22,"href":"https:\/\/vua.nadiran.com\/index.php?rest_route=\/wp\/v2\/pages\/1360\/revisions"}],"predecessor-version":[{"id":2019,"href":"https:\/\/vua.nadiran.com\/index.php?rest_route=\/wp\/v2\/pages\/1360\/revisions\/2019"}],"wp:attachment":[{"href":"https:\/\/vua.nadiran.com\/index.php?rest_route=%2Fwp%2Fv2%2Fmedia&parent=1360"}],"curies":[{"name":"wp","href":"https:\/\/api.w.org\/{rel}","templated":true}]}}